 -0*f. What is the units digit of f?
4
Let m = 10 - 18. What is the tens digit of m/3*-12*1?
3
Let t be -1 - (-3 - -2)/(-1). What is the units digit of 2*t/12*-21?
7
Let n be -210 - (-3 - 0/(-4)). What is the units digit of (4/6)/((-6)/n)?
3
Let i = 6 - 2. Suppose b - 27 = -q, 2*q + 2*q - i = 0. Suppose 0*h = -3*g - 5*h + 13, 0 = -2*g + h + b. What is the tens digit of g?
1
Suppose 5*o - 1680 + 180 = 0. What is the hundreds digit of o?
3
Let l(m) = -m**3 - 2*m**2 - 5*m - 2. Let d be l(-3). Suppose 3*c = -r + 2*r + 27, 0 = c + 4*r - d. What is the units digit of c?
0
Let y = -33 + 47. Suppose 0 = 3*s - 2*s + y. Let b = s + 21. What is the units digit of b?
7
Suppose 4*v + 100 = 4*o, 4*o - v - 52 - 51 = 0. Let r = -13 + o. What is the tens digit of r?
1
Let v be ((-30)/(-4) - 2)*-2. Let n = 24 + v. What is the tens digit of n?
1
Suppose 0 = 3*p - 2*a + 89, 0*p + 3*p + 61 = -5*a. Let m be 2/(-9) - 60/p. Suppose 0 = m*j - 0 - 10. What is the units digit of j?
5
Let x(c) = c**2 + 11*c - 10. Let p be x(-13). Suppose -4*z = p + 20. What is the tens digit of 5*z/(-3)*1?
1
Let t = 53 + -38. Suppose 2*y = 6, 2*v - 8 - t = y. What is the units digit of v?
3
What is the units digit of 441/12 + (-2)/(-8)?
7
Let q be 2/5 + (-6)/15. Suppose 4*c - 3*c - 38 = q. What is the units digit of c?
8
Suppose -8*l + 933 = -5*l. What is the tens digit of l?
1
Suppose -2*m + 26 = 10. What is the units digit of m?
8
Let z(c) = -c**3 + c**2 + c + 8. Let u be z(0). What is the tens digit of -3*(0 - -3 - u)?
1
Let j be (-5 - -5)*1/(-2). Suppose 4*c - 3*n - 87 = 0, j*c + 3*c = n + 69. Suppose 5*d = 2*d + c. What is the units digit of d?
8
Suppose 3*u = 6*u + 27. Suppose -30 = -7*g + 2*g. What is the units digit of (-6)/u - (-92)/g?
6
What is the tens digit of 112/8 + 1 + -1 + 1?
1
Let u(t) = 59*t**3 + t**2 - 3*t + 2. What is the units digit of u(1)?
9
Let s be -9 - (-1 + 1 + -2). Let f(x) = -2*x**2 - x + 2. Let m be f(-2). Let w = m - s. What is the units digit of w?
3
Suppose -3*o - 3*u + 240 = 0, -2*u - 8 = -2. What is the tens digit of o?
8
Let b be (28/14)/(1/80). Suppose -5*j - 3*l = -b, -38 - 62 = -3*j - l. What is the units digit of j?
5
Let s = 11 + 6. Let j be s/3 - (-4)/(-6). What is the units digit of 48/j - (-2)/5?
0
Let t(h) = h**2 + 4*h. Let x(u) = 2*u**2 + 7*u. Let i(n) = -7*t(n) + 3*x(n). What is the tens digit of i(-3)?
1
Suppose -22 = -2*z + 30. Suppose 4*n - 62 = -z. What is the units digit of n?
9
Let d(p) = -36*p - 15. What is the units digit of d(-3)?
3
Suppose 0 = -v + 27 - 3. What is the units digit of ((-3)/(-4))/(2/v)?
9
What is the units digit of (-4)/22 - (-134)/11?
2
What is the tens digit of 76 + 2 + 4 - -4?
8
Suppose -11*n + 7*n + 164 = 0. What is the units digit of n?
1
What is the units digit of (63/(-14))/(2/(-4))?
9
Suppose -u - c = -7 - 8, c + 57 = 5*u. What is the units digit of u?
2
Let x(r) = -5*r + 1. Let n be x(2). Let t(w) = -11*w + 1 - 12 + 47*w**2 + w**3 - 39*w**2. What is the units digit of t(n)?
7
Let a(w) = 5 + 1 + 4*w + 0 - 3*w. Suppose 3*n - 15 = 0, u + n + 5 = 2*n. What is the units digit of a(u)?
6
What is the tens digit of 32 + 9/6 + 10/(-4)?
3
Let b be ((-38)/(-5))/((-1)/(-5)). Suppose b = -s + 2*s. Let t = s + -27. What is the units digit of t?
1
Suppose -d + 10 = d. Let u(t) = -t**2 + 5*t + 4. What is the units digit of u(d)?
4
Suppose 4*j + 5*u = 53, -j + 2*u = -3 - 20. What is the tens digit of j?
1
Let r be ((-28)/(-8))/(2/4). Let z be (-23)/r + 4/14. What is the units digit of 6*((-7)/z - 1)?
8
Let j = -84 - -42. What is the tens digit of ((-64)/24)/(4/j)?
2
Let o(t) = 77*t - 7. What is the units digit of o(5)?
8
Let r be -10*(9/(-6) + 2). Let c = r + 16. What is the tens digit of c?
1
Let l(x) = -x**3 - 4*x**2 + 4*x - 1. Let c = -13 - -8. Let o be l(c). Let u = o - 1. What is the units digit of u?
3
Let g(y) = -7*y - 6. What is the tens digit of g(-8)?
5
Suppose o = -5*g + 88, 7*o - 2*o = 3*g + 412. What is the tens digit of o?
8
Suppose 21*n - 288 = 18*n. What is the tens digit of n?
9
Let s(j) = j**2 - 4*j - 1. Let q be s(5). Suppose 0 = -2*w + q*m, 0 = -2*m + 4 - 2. Suppose 3*k - y + w*y = 46, 58 = 4*k + 2*y. What is the tens digit of k?
1
Suppose -5*o + 683 = -2. Suppose -d = p - 41, o = -d + 5*d - 5*p. What is the tens digit of d?
3
Suppose x - 18 = -0*x. Let z = x + -6. What is the tens digit of z?
1
Suppose 0 = -21*v + 8919 - 897. What is the tens digit of v?
8
Let l(v) = 2*v**2 - v + 1. Suppose 0 = 3*x + 1 - 16. Let j = 6 - x. What is the units digit of l(j)?
2
Let i be 4/(-8)*(0 + -6). Let b(a) = -a**2 + 13*a + 5. Let h be b(13). Suppose -5*q + 25 = -i*u - 6, 2*q - h*u = 1. What is the units digit of q?
8
What is the tens digit of (-2182)/(-13) - (-4)/26?
6
Suppose -i + 2*d - 66 = -5*i, 4*i - 69 = -5*d. What is the tens digit of i?
1
Let w(o) = -13*o + 1. Let v be w(-3). Suppose -35 = -5*t + v. What is the tens digit of t?
1
Let y = 7 - 9. Let t = 1 - y. What is the units digit of t?
3
Suppose 0 = 5*s + 5*k + 30, 0 = 3*s - 2*k - 2*k - 17. What is the units digit of (-9 + s)/((-7)/14)?
0
Let p be 162/6 - (0 + 0). Let m = p + -16. What is the units digit of m?
1
Let k = 37 + -67. Let z = -21 - k. What is the units digit of z?
9
Suppose -4*t + 3*g + 29 = -3*t, -4*g = 0. What is the units digit of t?
9
Suppose 22 = 5*k - 3. Suppose 6*a = 3*a + 12. Suppose k*j - 3*o = -0*j + 39, 2*o = -a*j + 18. What is the units digit of j?
6
Suppose -4*w = -w - 2*m - 330, w = m + 110. What is the tens digit of w?
1
Let d(c) = 13*c**2 + 2*c + 1. What is the units digit of d(3)?
4
What is the units digit of ((-2)/(-1 + 3))/(-1)?
1
Let z(x) = -x + 1. What is the units digit of z(-5)?
6
Suppose a - 2*o + 52 = -a, 1 = -o. Let x = -15 - a. What is the tens digit of x?
1
Let i = -12 + 84. What is the units digit of i?
2
Suppose -2*r + 2*v = -260, 3*r + 2*v + 530 = 7*r. What is the units digit of r?
5
Suppose 123 = 8*x - 1133. What is the hundreds digit of x?
1
Suppose 4*u - 147 = s, -5*s - 35 = -u - 3*s. What is the units digit of u?
7
Let u = -59 + 82. Suppose -u + 5 = -2*x. What is the units digit of x?
9
Suppose -x - 13 = 4*l, l - 4*l = -6. Let s be -1*(-6)/(-7)*x. Suppose 4*o - s = -2. What is the units digit of o?
4
Let t(q) = 3*q**2 + 2*q + 1. Suppose -3*u + 0*u = 6. What is the units digit of t(u)?
9
Let u be ((-7)/(-2))/((-4)/(-664)). What is the tens digit of (-2)/(-8) - u/(-28)?
2
Suppose -2*i + 16 = -3*u, -2*u = -u + 4. Let b(s) = s**3 - 5*s**2 + s - 5. Let h be b(5). Suppose -v - i + 4 = h. What is the units digit of v?
2
Suppose 3*q - 209 = -3*c - 2*q, -359 = -5*c - 3*q. What is the tens digit of c?
7
What is the units digit of (-1902)/(-66) - 2/(-11)?
9
Suppose -v - 3*v + n + 590 = 0, -3*v + 445 = -2*n. What is the hundreds digit of v?
1
Let s(o) = -o**2 - 8*o + 11. Let m be s(-9). Suppose 2*v = m*j - 22, -2*j + 3*j - 2*v = 6. What is the tens digit of j?
1
Suppose 24*a - 114 = 23*a. What is the hundreds digit of a?
1
Let o(g) = g**3 + 4*g**2 + 3*g + 1. What is the units digit of o(-3)?
1
Suppose -5*q - 19 + 59 = 0. What is the tens digit of q*(3 - 9/6)?
1
Let f = 33 + -23. Let d be (f/15)/((-2)/6). What is the units digit of d - -4 - (-1 + 2)?
1
Suppose 5*q - i = 90, 4*q + 0*i - 72 = -2*i. Suppose a + a = q. Let x = 15 - a. What is the units digit of x?
6
Let b = 206 - 121. What is the units digit of b?
5
Suppose -4 = 4*k - 5*k. Suppose -s - 5 + 4 = 0. Let a = s + k. What is the units digit of a?
3
Let b be (1 - 0) + 2 - 2. Let t(l) = -l**2 + l. Let c(q) = -11*q**2 + 1. Let z(j) = -c(j) + t(j). What is the units digit of z(b)?
0
Let i(r) = 4*r**3 - 3*r**2 + 2*r - 2. What is the units digit of i(2)?
2
Suppose -3*t = -t - 26. Suppose -3 = 2*x - t. What is the units digit of x?
5
What is the units digit of -4 - 201/6*-2?
3
Suppose -77 = -5*r - 217. Let t = 51 + r. What is the units digit of t?
3
Suppose 2*m + m = -3*j + 225, -5*j - 4*m = -380. What is the units digit of j?
0
Suppose -36 = -2*b - 2*b - 4*o, b - 2*o = 0. Let j = 2 + b. What is the units digit of j?
8
Let f(x) = 25*x**3. What is the tens digit of f(1)?
2
Let p(o) = -6*o - 5. What is the tens digit of p(-4)?
1
Suppose 0 = 4*y - 9 - 3. Suppose 0 = -u - y*u + 12. What is the units digit of u?
3
Suppose o + 1195 = 4*z, 0*z + 4*o = 4*z - 1192. What is the te